{"id":14,"date":"2020-02-05T15:43:49","date_gmt":"2020-02-05T14:43:49","guid":{"rendered":"http:\/\/ksec-consulting.de\/fresh\/?page_id=14"},"modified":"2022-11-19T23:07:04","modified_gmt":"2022-11-19T22:07:04","slug":"consulting","status":"publish","type":"page","link":"https:\/\/ksec-consulting.de\/?page_id=14","title":{"rendered":"Consulting"},"content":{"rendered":"\n<div class=\"wp-block-columns is-layout-flex wp-container-core-columns-is-layout-9d6595d7 wp-block-columns-is-layout-flex\">\n<div class=\"wp-block-column is-layout-flow wp-block-column-is-layout-flow\">\n<p class=\"has-drop-cap\">Torben Klagge (<a href=\"https:\/\/ksec-consulting.de\/?page_id=246\">M.Sc. Computer Security, Dipl.-Ing.(FH) Elektrotechnik & Telekommunikation<\/a>) ist seit knapp 10 Jahren in der IT-Security aktiv \u2013 zum einen f\u00fcr mehr als 3,5 Jahre als Senior Consultant Pentest & Forensik bei der <a rel=\"noreferrer noopener\" href=\"https:\/\/www.secunet.com\/de\/\" target=\"_blank\">secunet security networks AG<\/a>, zum anderen f\u00fcr ebenso knapp 3,5 Jahre als Manager IT-Security & Pentest bei <a rel=\"noreferrer noopener\" href=\"https:\/\/soprasteria.de\" target=\"_blank\">Sopra Steria Consulting<\/a>.<br>In dieser Zeit hat er eine <a href=\"https:\/\/ksec-consulting.de\/?page_id=12\">Vielzahl an Projekten durchgef\u00fchrt<\/a>, deren Spannweite die IT-Security \u201evon beiden Seiten\u201c angeht \u2013 sowohl \u201evon oben\u201c ausgehend mit der prozessual-organisatorischen Ebene (ISMS & co), aber auch \u201evon unten\u201c \u00fcber die sehr technische Ebene (Pentests & technische Audits).<\/p>\n<\/div>\n\n\n\n<div class=\"wp-block-column is-layout-flow wp-block-column-is-layout-flow\">\n<figure class=\"wp-block-image size-large is-resized is-style-default\"><img loading=\"lazy\" decoding=\"async\" src=\"https:\/\/ksec-consulting.de\/wp-content\/uploads\/Klagge_Photo_freigestellt.jpg\" alt=\"\" class=\"wp-image-113\" width=\"375\" height=\"445\" srcset=\"https:\/\/ksec-consulting.de\/wp-content\/uploads\/Klagge_Photo_freigestellt.jpg 500w, https:\/\/ksec-consulting.de\/wp-content\/uploads\/Klagge_Photo_freigestellt-253x300.jpg 253w\" sizes=\"auto, (max-width: 375px) 100vw, 375px\" \/><\/figure>\n<\/div>\n<\/div>\n\n\n\n<p>Seit 2020 hat er sich damit freiberuflich selbstst\u00e4ndig gemacht und ber\u00e4t und unterst\u00fctzt nun Unternehmen bei einer Vielzahl von Themen der IT-Security \u2013 sei es als IT-Security Consultant, Interims-CISO, <a href=\"https:\/\/ksec-consulting.de\/?page_id=16\">Pentester \/ technischer Auditor<\/a>, <a href=\"https:\/\/ksec-consulting.de\/?page_id=18\">Schulungsleiter<\/a> oder <a href=\"https:\/\/ksec-consulting.de\/?page_id=269\">security researcher<\/a>.<\/p>\n\n\n\n<hr class=\"wp-block-separator has-css-opacity\"\/>\n\n\n\n<div class=\"wp-block-columns is-layout-flex wp-container-core-columns-is-layout-9d6595d7 wp-block-columns-is-layout-flex\">\n<div class=\"wp-block-column is-layout-flow wp-block-column-is-layout-flow\">\n<div class=\"wp-block-group alignwide\"><div class=\"wp-block-group__inner-container is-layout-flow wp-block-group-is-layout-flow\">\n<h5 class=\"has-text-align-center wp-block-heading\">IT-Security-Consulting<\/h5>\n\n\n\n<p style=\"text-align: justify\">Sie brauchen Unterst\u00fctzung in\/bei\/mit Ihrer prozessual-organisatorischen  IT-Security? Sie bauen ein <b>ISMS<\/b> auf oder optimieren? Ihr  Security-Verantwortlicher \/ CIO \/ CISO braucht <b>\u201eeine helfende Hand\u201c<\/b> oder  einen <b>Sparring-Partner<\/b>? Sie sind ein <b>KRITIS-Unternehmen<\/b> und m\u00fcssen die  Vorgaben des IT-Sicherheitsgesetzes erf\u00fcllen? Werfen Sie einen Blick auf  unsere <a href=\"https:\/\/ksec-consulting.de\/?page_id=12#anker_ref_consulting\">bisherigen Consulting-Projekte<\/a>!<\/p>\n<\/div><\/div>\n<\/div>\n\n\n\n<div class=\"wp-block-column is-layout-flow wp-block-column-is-layout-flow\">\n<h5 class=\"has-text-align-center wp-block-heading\">Pentest & Audits<\/h5>\n\n\n\n<p style=\"text-align: justify\">Oder bzw. und ben\u00f6tigen Sie mehr <a href=\"https:\/\/ksec-consulting.de\/?page_id=16\">technische Unterst\u00fctzung<\/a>?  Wollen Sie wissen, wie gro\u00df Ihr <b>reales IT-Sicherheits-Risiko<\/b> ist?  Ben\u00f6tigen Sie <b>technische IT-Security Kennzahlen<\/b>? Wollen Sie regelm\u00e4\u00dfig  wissen, wie es in Ihrem <b>Netzwerk aus Sicherheitssicht<\/b> real aussieht? Dann werfen Sie einen Blick auf unsere <a href=\"https:\/\/ksec-consulting.de\/?page_id=12#anker_ref_pentesting\">Pentest-Projekte<\/a>!<\/p>\n<\/div>\n\n\n\n<div class=\"wp-block-column is-layout-flow wp-block-column-is-layout-flow\">\n<h5 class=\"has-text-align-center wp-block-heading\">Schulung & Awareness<\/h5>\n\n\n\n<p style=\"text-align: justify\">Oder wollen Sie das <b>Security-KnowHow von sich und Ihren Mitarbeitern<\/b> erh\u00f6hen? Dann kontaktieren Sie uns f\u00fcr <a href=\"https:\/\/ksec-consulting.de\/?page_id=18\">Awareness-Veranstaltungen und Schulungen<\/a>, und werfen Sie gerne einen Blick auf unsere <a href=\"https:\/\/ksec-consulting.de\/?page_id=12#anker_ref_schulungen\">bisherigen Veranstaltungen<\/a> sowie <a href=\"https:\/\/ksec-consulting.de\/?page_id=12#anker_ref_vortraege\">Vortr\u00e4ge und Ver\u00f6ffentlichungen<\/a>! <\/p>\n<\/div>\n<\/div>\n\n\n\n<p class=\"has-text-align-center\"><strong>Haben Sie Interesse an einer Zusammenarbeit? Dann <a href=\"https:\/\/ksec-consulting.de\/?page_id=10\">kontaktieren<\/a> Sie uns gerne!<\/strong><\/p>\n\n\n\n<blockquote class=\"wp-block-quote is-layout-flow wp-block-quote-is-layout-flow\">\n<p>IT-Security ist nicht eindimensional, und sollte daher immer von allen Seiten betrachtet werden \u2013 denn einem Angreifer ist es egal, ob etwas per Anweisung\/Richtlinie in einem Unternehmen verboten ist, so lange es nicht auch technisch sicher gelebt & umgesetzt wurde und wird.<\/p>\n<\/blockquote>\n\n\n\n<p><\/p>\n","protected":false},"excerpt":{"rendered":"<p>Torben Klagge (M.Sc. Computer Security, Dipl.-Ing.(FH) Elektrotechnik &#038; Telekommunikation) ist seit knapp 10 Jahren in der IT-Security aktiv \u2013 zum einen f\u00fcr mehr als 3,5 Jahre als Senior Consultant Pentest &#038; Forensik bei der secunet security networks AG, zum anderen f\u00fcr ebenso knapp 3,5 Jahre als Manager IT-Security &#038; Pentest bei Sopra Steria Consulting.In dieser [&hellip;]<\/p>\n","protected":false},"author":1,"featured_media":0,"parent":0,"menu_order":0,"comment_status":"closed","ping_status":"closed","template":"","meta":{"footnotes":""},"class_list":["post-14","page","type-page","status-publish","czr-hentry"],"_links":{"self":[{"href":"https:\/\/ksec-consulting.de\/index.php?rest_route=\/wp\/v2\/pages\/14","targetHints":{"allow":["GET"]}}],"collection":[{"href":"https:\/\/ksec-consulting.de\/index.php?rest_route=\/wp\/v2\/pages"}],"about":[{"href":"https:\/\/ksec-consulting.de\/index.php?rest_route=\/wp\/v2\/types\/page"}],"author":[{"embeddable":true,"href":"https:\/\/ksec-consulting.de\/index.php?rest_route=\/wp\/v2\/users\/1"}],"replies":[{"embeddable":true,"href":"https:\/\/ksec-consulting.de\/index.php?rest_route=%2Fwp%2Fv2%2Fcomments&post=14"}],"version-history":[{"count":49,"href":"https:\/\/ksec-consulting.de\/index.php?rest_route=\/wp\/v2\/pages\/14\/revisions"}],"predecessor-version":[{"id":426,"href":"https:\/\/ksec-consulting.de\/index.php?rest_route=\/wp\/v2\/pages\/14\/revisions\/426"}],"wp:attachment":[{"href":"https:\/\/ksec-consulting.de\/index.php?rest_route=%2Fwp%2Fv2%2Fmedia&parent=14"}],"curies":[{"name":"wp","href":"https:\/\/api.w.org\/{rel}","templated":true}]}}